Last updated on 2024-04-24 19:55:01 CEST.
Flavor | Version | Tinstall | Tcheck | Ttotal | Status | Flags |
---|---|---|---|---|---|---|
r-devel-linux-x86_64-debian-clang | 1.3.2 | 4.16 | 55.17 | 59.33 | NOTE | |
r-devel-linux-x86_64-debian-gcc | 1.3.2 | 2.91 | 44.15 | 47.06 | NOTE | |
r-devel-linux-x86_64-fedora-clang | 1.3.2 | 75.90 | NOTE | |||
r-devel-linux-x86_64-fedora-gcc | 1.3.2 | 87.71 | NOTE | |||
r-devel-windows-x86_64 | 1.3.2 | 3.00 | 73.00 | 76.00 | NOTE | |
r-patched-linux-x86_64 | 1.3.2 | 4.34 | 53.54 | 57.88 | NOTE | |
r-release-linux-x86_64 | 1.3.2 | 2.72 | 54.33 | 57.05 | OK | |
r-release-macos-arm64 | 1.3.2 | 36.00 | OK | |||
r-release-windows-x86_64 | 1.3.2 | 5.00 | 75.00 | 80.00 | NOTE | |
r-oldrel-macos-arm64 | 1.3.2 | 30.00 | OK | |||
r-oldrel-macos-x86_64 | 1.3.2 | 44.00 | OK | |||
r-oldrel-windows-x86_64 | 1.3.2 | 4.00 | 75.00 | 79.00 | OK |
Version: 1.3.2
Check: Rd files
Result: NOTE
checkRd: (-1) Extractor.Rd:13: Lost braces in \itemize; meant \describe ?
checkRd: (-1) Extractor.Rd:14: Lost braces in \itemize; meant \describe ?
checkRd: (-1) Extractor.Rd:15: Lost braces in \itemize; meant \describe ?
checkRd: (-1) Extractor.Rd:16: Lost braces in \itemize; meant \describe ?
checkRd: (-1) Extractor.Rd:17: Lost braces in \itemize; meant \describe ?
checkRd: (-1) Extractor.Rd:18: Lost braces in \itemize; meant \describe ?
checkRd: (-1) Extractor.Rd:19: Lost braces in \itemize; meant \describe ?
Flavors: r-devel-linux-x86_64-debian-clang, r-devel-linux-x86_64-debian-gcc, r-devel-linux-x86_64-fedora-clang, r-devel-linux-x86_64-fedora-gcc, r-devel-windows-x86_64, r-patched-linux-x86_64, r-release-windows-x86_64