CRAN Package Check Results for Package bold

Last updated on 2020-07-12 12:47:24 CEST.

Flavor Version Tinstall Tcheck Ttotal Status Flags
r-devel-linux-x86_64-debian-clang 1.1.0 4.88 60.55 65.43 OK
r-devel-linux-x86_64-debian-gcc 1.1.0 3.67 47.39 51.06 OK
r-devel-linux-x86_64-fedora-clang 1.1.0 86.51 OK
r-devel-linux-x86_64-fedora-gcc 1.1.0 79.06 OK
r-devel-windows-ix86+x86_64 1.1.0 14.00 83.00 97.00 OK
r-patched-linux-x86_64 1.1.0 4.52 61.09 65.61 OK
r-patched-solaris-x86 1.1.0 121.50 OK
r-release-linux-x86_64 1.1.0 5.30 61.14 66.44 OK
r-release-macos-x86_64 1.1.0 NOTE
r-release-windows-ix86+x86_64 1.1.0 12.00 114.00 126.00 OK
r-oldrel-macos-x86_64 1.1.0 NOTE
r-oldrel-windows-ix86+x86_64 1.1.0 10.00 78.00 88.00 OK

Check Details

Version: 1.1.0
Check: package dependencies
Result: NOTE
    Package suggested but not available for checking: ‘sangerseqR’
Flavors: r-release-macos-x86_64, r-oldrel-macos-x86_64