Last updated on 2025-01-19 05:49:04 CET.
Flavor | Version | Tinstall | Tcheck | Ttotal | Status | Flags |
---|---|---|---|---|---|---|
r-devel-linux-x86_64-debian-clang | 1.0.4 | 38.37 | 80.33 | 118.70 | OK | |
r-devel-linux-x86_64-debian-gcc | 1.0.4 | 28.65 | 55.13 | 83.78 | OK | |
r-devel-linux-x86_64-fedora-clang | 1.0.4 | 210.44 | OK | |||
r-devel-linux-x86_64-fedora-gcc | 1.0.4 | 243.87 | OK | |||
r-devel-windows-x86_64 | 1.0.4 | 43.00 | 146.00 | 189.00 | OK | |
r-patched-linux-x86_64 | 1.0.4 | 39.21 | 75.39 | 114.60 | NOTE | |
r-release-linux-x86_64 | 1.0.4 | 39.97 | 75.75 | 115.72 | NOTE | |
r-release-macos-arm64 | 1.0.4 | 80.00 | NOTE | |||
r-release-macos-x86_64 | 1.0.4 | 95.00 | NOTE | |||
r-release-windows-x86_64 | 1.0.4 | 42.00 | 145.00 | 187.00 | NOTE | |
r-oldrel-macos-arm64 | 1.0.4 | 72.00 | NOTE | |||
r-oldrel-macos-x86_64 | 1.0.4 | 174.00 | NOTE | |||
r-oldrel-windows-x86_64 | 1.0.4 | 50.00 | 171.00 | 221.00 | NOTE |
Version: 1.0.4
Check: for GNU extensions in Makefiles
Result: NOTE
GNU make is a SystemRequirements.
Flavors: r-patched-linux-x86_64, r-release-linux-x86_64, r-release-macos-arm64, r-release-macos-x86_64, r-release-windows-x86_64, r-oldrel-macos-arm64, r-oldrel-macos-x86_64, r-oldrel-windows-x86_64
Version: 1.0.4
Check: installed package size
Result: NOTE
installed size is 5.1Mb
sub-directories of 1Mb or more:
libs 4.7Mb
Flavors: r-release-macos-arm64, r-release-macos-x86_64, r-oldrel-macos-arm64, r-oldrel-macos-x86_64