CRAN Package Check Results for Package bootnet

Last updated on 2020-06-02 12:48:39 CEST.

Flavor Version Tinstall Tcheck Ttotal Status Flags
r-devel-linux-x86_64-debian-clang 1.4.2 14.09 142.38 156.47 NOTE
r-devel-linux-x86_64-debian-gcc 1.4.2 11.30 110.51 121.81 NOTE
r-devel-linux-x86_64-fedora-clang 1.4.2 204.52 NOTE
r-devel-linux-x86_64-fedora-gcc 1.4.2 196.01 NOTE
r-devel-windows-ix86+x86_64 1.4.2 63.00 167.00 230.00 OK
r-patched-linux-x86_64 1.4.2 15.61 142.00 157.61 NOTE
r-patched-solaris-x86 1.4.2 291.50 NOTE
r-release-linux-x86_64 1.4.2 15.24 142.55 157.79 NOTE
r-release-osx-x86_64 1.4.2 NOTE
r-release-windows-ix86+x86_64 1.4.2 39.00 148.00 187.00 NOTE
r-oldrel-osx-x86_64 1.4.2 NOTE
r-oldrel-windows-ix86+x86_64 1.4.2 33.00 151.00 184.00 OK

Check Details

Version: 1.4.2
Check: dependencies in R code
Result: NOTE
    Missing or unexported object: 'dplyr::rbind_all'
Flavors: r-devel-linux-x86_64-debian-clang, r-devel-linux-x86_64-debian-gcc, r-patched-linux-x86_64, r-release-linux-x86_64, r-release-windows-ix86+x86_64

Version: 1.4.2
Check: package dependencies
Result: NOTE
    Imports includes 22 non-default packages.
    Importing from so many packages makes the package vulnerable to any of
    them becoming unavailable. Move as many as possible to Suggests and
    use conditionally.
Flavor: r-devel-linux-x86_64-fedora-clang

Version: 1.4.2
Check: dependencies in R code
Result: NOTE
    Namespace in Imports field not imported from: ‘psychTools’
     All declared Imports should be used.
    Missing or unexported object: ‘dplyr::rbind_all’
Flavors: r-devel-linux-x86_64-fedora-clang, r-devel-linux-x86_64-fedora-gcc, r-patched-solaris-x86

Version: 1.4.2
Check: dependencies in R code
Result: NOTE
    Namespace in Imports field not imported from: ‘psychTools’
     All declared Imports should be used.
Flavors: r-release-osx-x86_64, r-oldrel-osx-x86_64