CRAN Package Check Results for Package boxr

Last updated on 2020-10-28 11:49:41 CET.

Flavor Version Tinstall Tcheck Ttotal Status Flags
r-devel-linux-x86_64-debian-clang 0.3.5 4.88 39.14 44.02 OK
r-devel-linux-x86_64-debian-gcc 0.3.5 3.80 30.61 34.41 OK
r-devel-linux-x86_64-fedora-clang 0.3.5 61.34 NOTE
r-devel-linux-x86_64-fedora-gcc 0.3.5 51.88 OK
r-devel-windows-ix86+x86_64 0.3.5 10.00 63.00 73.00 OK
r-patched-linux-x86_64 0.3.5 OK
r-patched-solaris-x86 0.3.5 68.70 OK
r-release-linux-x86_64 0.3.5 3.98 37.18 41.16 OK
r-release-macos-x86_64 0.3.5 OK
r-release-windows-ix86+x86_64 0.3.5 8.00 43.00 51.00 OK
r-oldrel-macos-x86_64 0.3.5 OK
r-oldrel-windows-ix86+x86_64 0.3.5 7.00 54.00 61.00 OK

Check Details

Version: 0.3.5
Check: Rd cross-references
Result: NOTE
    Undeclared packages ‘data.table’, ‘readxl’, ‘openxlsx’ in Rd xrefs
Flavor: r-devel-linux-x86_64-fedora-clang