Last updated on 2025-01-19 05:49:04 CET.
Flavor | Version | Tinstall | Tcheck | Ttotal | Status | Flags |
---|---|---|---|---|---|---|
r-devel-linux-x86_64-debian-clang | 0.1.0 | 8.70 | 62.10 | 70.80 | OK | |
r-devel-linux-x86_64-debian-gcc | 0.1.0 | 6.90 | 44.91 | 51.81 | OK | |
r-devel-linux-x86_64-fedora-clang | 0.1.0 | 112.51 | NOTE | |||
r-devel-linux-x86_64-fedora-gcc | 0.1.0 | 122.82 | NOTE | |||
r-devel-windows-x86_64 | 0.1.0 | 11.00 | 89.00 | 100.00 | OK | |
r-patched-linux-x86_64 | 0.1.0 | 8.69 | 58.84 | 67.53 | OK | |
r-release-linux-x86_64 | 0.1.0 | 8.92 | 58.83 | 67.75 | OK | |
r-release-macos-arm64 | 0.1.0 | 56.00 | OK | |||
r-release-macos-x86_64 | 0.1.0 | 80.00 | OK | |||
r-release-windows-x86_64 | 0.1.0 | 11.00 | 91.00 | 102.00 | OK | |
r-oldrel-macos-arm64 | 0.1.0 | 56.00 | OK | |||
r-oldrel-macos-x86_64 | 0.1.0 | 78.00 | OK | |||
r-oldrel-windows-x86_64 | 0.1.0 | 14.00 | 106.00 | 120.00 | OK |
Version: 0.1.0
Check: dependencies in R code
Result: NOTE
Namespaces in Imports field not imported from:
‘CCA’ ‘brainR’ ‘elasticnet’
All declared Imports should be used.
Flavors: r-devel-linux-x86_64-fedora-clang, r-devel-linux-x86_64-fedora-gcc