CRAN Package Check Results for Package brglm2

Last updated on 2025-01-19 05:49:04 CET.

Flavor Version Tinstall Tcheck Ttotal Status Flags
r-devel-linux-x86_64-debian-clang 0.9.2 10.32 103.65 113.97 NOTE
r-devel-linux-x86_64-debian-gcc 0.9.2 7.81 77.20 85.01 NOTE
r-devel-linux-x86_64-fedora-clang 0.9.2 183.30 OK
r-devel-linux-x86_64-fedora-gcc 0.9.2 196.84 OK
r-devel-windows-x86_64 0.9.2 16.00 121.00 137.00 NOTE
r-patched-linux-x86_64 0.9.2 13.00 99.93 112.93 OK
r-release-linux-x86_64 0.9.2 10.81 100.33 111.14 OK
r-release-macos-arm64 0.9.2 64.00 OK
r-release-macos-x86_64 0.9.2 96.00 OK
r-release-windows-x86_64 0.9.2 14.00 129.00 143.00 OK
r-oldrel-macos-arm64 0.9.2 75.00 OK
r-oldrel-macos-x86_64 0.9.2 194.00 OK
r-oldrel-windows-x86_64 0.9.2 17.00 187.00 204.00 OK

Check Details

Version: 0.9.2
Check: Rd cross-references
Result: NOTE Found the following Rd file(s) with Rd \link{} targets missing package anchors: brnb.Rd: negbin Please provide package anchors for all Rd \link{} targets not in the package itself and the base packages. Flavors: r-devel-linux-x86_64-debian-clang, r-devel-linux-x86_64-debian-gcc, r-devel-windows-x86_64