CRAN Package Check Results for Package brickr

Last updated on 2020-10-30 11:50:41 CET.

Flavor Version Tinstall Tcheck Ttotal Status Flags
r-devel-linux-x86_64-debian-clang 0.3.5 6.21 601.37 607.58 OK
r-devel-linux-x86_64-debian-gcc 0.3.5 5.23 437.34 442.57 OK
r-devel-linux-x86_64-fedora-clang 0.3.5 707.62 NOTE
r-devel-linux-x86_64-fedora-gcc 0.3.5 706.33 NOTE
r-devel-windows-ix86+x86_64 0.3.5 14.00 690.00 704.00 OK
r-patched-linux-x86_64 0.3.5 5.67 578.05 583.72 OK
r-patched-solaris-x86 0.3.5 907.90 NOTE
r-release-linux-x86_64 0.3.5 5.66 586.75 592.41 OK
r-release-macos-x86_64 0.3.5 NOTE
r-release-windows-ix86+x86_64 0.3.5 11.00 692.00 703.00 OK
r-oldrel-macos-x86_64 0.3.5 NOTE
r-oldrel-windows-ix86+x86_64 0.3.5 10.00 662.00 672.00 OK

Check Details

Version: 0.3.5
Check: dependencies in R code
Result: NOTE
    Namespace in Imports field not imported from: ‘scales’
     All declared Imports should be used.
Flavors: r-devel-linux-x86_64-fedora-clang, r-devel-linux-x86_64-fedora-gcc, r-patched-solaris-x86, r-release-macos-x86_64, r-oldrel-macos-x86_64