CRAN Package Check Results for Package bsreg

Last updated on 2025-01-19 05:49:05 CET.

Flavor Version Tinstall Tcheck Ttotal Status Flags
r-devel-linux-x86_64-debian-clang 0.0.2 9.71 23.99 33.70 OK
r-devel-linux-x86_64-debian-gcc 0.0.2 5.99 19.21 25.20 OK
r-devel-linux-x86_64-fedora-clang 0.0.2 54.96 NOTE
r-devel-linux-x86_64-fedora-gcc 0.0.2 53.66 NOTE
r-devel-windows-x86_64 0.0.2 11.00 47.00 58.00 OK
r-patched-linux-x86_64 0.0.2 8.77 22.75 31.52 OK
r-release-linux-x86_64 0.0.2 8.94 23.39 32.33 OK
r-release-macos-arm64 0.0.2 20.00 OK
r-release-macos-x86_64 0.0.2 29.00 OK
r-release-windows-x86_64 0.0.2 11.00 47.00 58.00 OK
r-oldrel-macos-arm64 0.0.2 20.00 OK
r-oldrel-macos-x86_64 0.0.2 30.00 OK
r-oldrel-windows-x86_64 0.0.2 8.00 54.00 62.00 OK

Check Details

Version: 0.0.2
Check: dependencies in R code
Result: NOTE Namespaces in Imports field not imported from: ‘Matrix’ ‘grDevices’ ‘graphics’ All declared Imports should be used. Flavors: r-devel-linux-x86_64-fedora-clang, r-devel-linux-x86_64-fedora-gcc