Last updated on 2025-01-19 05:49:05 CET.
Flavor | Version | Tinstall | Tcheck | Ttotal | Status | Flags |
---|---|---|---|---|---|---|
r-devel-linux-x86_64-debian-clang | 2.0.2 | 476.73 | 391.21 | 867.94 | OK | |
r-devel-linux-x86_64-debian-gcc | 2.0.2 | 341.71 | 222.28 | 563.99 | OK | |
r-devel-linux-x86_64-fedora-clang | 2.0.2 | 1623.53 | OK | |||
r-devel-linux-x86_64-fedora-gcc | 2.0.2 | 1680.25 | OK | |||
r-devel-windows-x86_64 | 2.0.2 | 483.00 | 406.00 | 889.00 | OK | |
r-patched-linux-x86_64 | 2.0.2 | 476.59 | 310.31 | 786.90 | OK | |
r-release-linux-x86_64 | 2.0.2 | 487.81 | 309.30 | 797.11 | OK | |
r-release-macos-arm64 | 2.0.2 | 320.00 | NOTE | |||
r-release-macos-x86_64 | 2.0.2 | 386.00 | NOTE | |||
r-release-windows-x86_64 | 2.0.2 | 478.00 | 426.00 | 904.00 | NOTE | |
r-oldrel-macos-arm64 | 2.0.2 | 348.00 | NOTE | |||
r-oldrel-macos-x86_64 | 2.0.2 | 561.00 | NOTE | |||
r-oldrel-windows-x86_64 | 2.0.2 | 590.00 | 478.00 | 1068.00 | NOTE |
Version: 2.0.2
Check: installed package size
Result: NOTE
installed size is 31.9Mb
sub-directories of 1Mb or more:
data 1.1Mb
doc 2.8Mb
libs 27.4Mb
Flavors: r-release-macos-arm64, r-release-macos-x86_64, r-release-windows-x86_64, r-oldrel-macos-arm64, r-oldrel-macos-x86_64, r-oldrel-windows-x86_64