CRAN Package Check Results for Package bssn

Last updated on 2025-01-19 05:49:05 CET.

Flavor Version Tinstall Tcheck Ttotal Status Flags
r-devel-linux-x86_64-debian-clang 1.0 6.93 54.29 61.22 OK
r-devel-linux-x86_64-debian-gcc 1.0 5.77 39.05 44.82 OK
r-devel-linux-x86_64-fedora-clang 1.0 100.96 NOTE
r-devel-linux-x86_64-fedora-gcc 1.0 95.36 NOTE
r-devel-windows-x86_64 1.0 8.00 68.00 76.00 OK
r-patched-linux-x86_64 1.0 5.22 50.76 55.98 OK
r-release-linux-x86_64 1.0 7.40 50.39 57.79 OK
r-release-macos-arm64 1.0 31.00 OK
r-release-macos-x86_64 1.0 74.00 OK
r-release-windows-x86_64 1.0 10.00 72.00 82.00 OK
r-oldrel-macos-arm64 1.0 30.00 OK
r-oldrel-macos-x86_64 1.0 48.00 OK
r-oldrel-windows-x86_64 1.0 12.00 128.00 140.00 OK

Check Details

Version: 1.0
Check: dependencies in R code
Result: NOTE Namespaces in Imports field not imported from: ‘mvtnorm’ ‘ssmn’ All declared Imports should be used. Flavors: r-devel-linux-x86_64-fedora-clang, r-devel-linux-x86_64-fedora-gcc