Last updated on 2025-01-19 05:49:05 CET.
Flavor | Version | Tinstall | Tcheck | Ttotal | Status | Flags |
---|---|---|---|---|---|---|
r-devel-linux-x86_64-debian-clang | 1.0.1 | 122.42 | 38.31 | 160.73 | OK | |
r-devel-linux-x86_64-debian-gcc | 1.0.1 | 87.76 | 28.85 | 116.61 | OK | |
r-devel-linux-x86_64-fedora-clang | 1.0.1 | 311.84 | OK | |||
r-devel-linux-x86_64-fedora-gcc | 1.0.1 | 329.77 | OK | |||
r-devel-windows-x86_64 | 1.0.1 | 118.00 | 83.00 | 201.00 | OK | |
r-patched-linux-x86_64 | 1.0.1 | 115.54 | 36.23 | 151.77 | OK | |
r-release-linux-x86_64 | 1.0.1 | 119.84 | 36.70 | 156.54 | OK | |
r-release-macos-arm64 | 1.0.1 | 66.00 | NOTE | |||
r-release-macos-x86_64 | 1.0.1 | 110.00 | NOTE | |||
r-release-windows-x86_64 | 1.0.1 | 122.00 | 87.00 | 209.00 | OK | |
r-oldrel-macos-arm64 | 1.0.1 | 67.00 | NOTE | |||
r-oldrel-macos-x86_64 | 1.0.1 | 85.00 | NOTE | |||
r-oldrel-windows-x86_64 | 1.0.1 | 135.00 | 100.00 | 235.00 | OK |
Version: 1.0.1
Check: installed package size
Result: NOTE
installed size is 8.4Mb
sub-directories of 1Mb or more:
libs 8.0Mb
Flavors: r-release-macos-arm64, r-release-macos-x86_64, r-oldrel-macos-arm64, r-oldrel-macos-x86_64