Last updated on 2025-01-19 05:49:05 CET.
Flavor | Version | Tinstall | Tcheck | Ttotal | Status | Flags |
---|---|---|---|---|---|---|
r-devel-linux-x86_64-debian-clang | 3.2 | 193.76 | 185.52 | 379.28 | OK | |
r-devel-linux-x86_64-debian-gcc | 3.2 | 141.88 | 155.47 | 297.35 | OK | |
r-devel-linux-x86_64-fedora-clang | 3.2 | 663.21 | OK | |||
r-devel-linux-x86_64-fedora-gcc | 3.2 | 737.48 | OK | |||
r-devel-windows-x86_64 | 3.2 | 192.00 | 316.00 | 508.00 | OK | |
r-patched-linux-x86_64 | 3.2 | 195.59 | 183.01 | 378.60 | OK | |
r-release-linux-x86_64 | 3.2 | 199.35 | 182.80 | 382.15 | OK | |
r-release-macos-arm64 | 3.2 | 241.00 | NOTE | |||
r-release-macos-x86_64 | 3.2 | 329.00 | NOTE | |||
r-release-windows-x86_64 | 3.2 | 186.00 | 315.00 | 501.00 | OK | |
r-oldrel-macos-arm64 | 3.2 | 227.00 | NOTE | |||
r-oldrel-macos-x86_64 | 3.2 | 292.00 | NOTE | |||
r-oldrel-windows-x86_64 | 3.2 | 207.00 | 310.00 | 517.00 | OK |
Version: 3.2
Check: installed package size
Result: NOTE
installed size is 15.6Mb
sub-directories of 1Mb or more:
libs 13.3Mb
Flavors: r-release-macos-arm64, r-release-macos-x86_64, r-oldrel-macos-arm64, r-oldrel-macos-x86_64