CRAN Package Check Results for Package btb

Last updated on 2025-01-19 05:49:05 CET.

Flavor Version Tinstall Tcheck Ttotal Status Flags
r-devel-linux-x86_64-debian-clang 0.2.0 52.64 123.95 176.59 NOTE
r-devel-linux-x86_64-debian-gcc 0.2.0 37.66 90.47 128.13 NOTE
r-devel-linux-x86_64-fedora-clang 0.2.0 330.52 NOTE
r-devel-linux-x86_64-fedora-gcc 0.2.0 332.14 NOTE
r-devel-windows-x86_64 0.2.0 69.00 150.00 219.00 NOTE
r-patched-linux-x86_64 0.2.0 54.08 118.50 172.58 NOTE
r-release-linux-x86_64 0.2.0 54.08 117.08 171.16 NOTE
r-release-macos-arm64 0.2.0 87.00 NOTE
r-release-macos-x86_64 0.2.0 117.00 NOTE
r-release-windows-x86_64 0.2.0 69.00 154.00 223.00 NOTE
r-oldrel-macos-arm64 0.2.0 96.00 NOTE
r-oldrel-macos-x86_64 0.2.0 156.00 NOTE
r-oldrel-windows-x86_64 0.2.0 74.00 183.00 257.00 NOTE

Check Details

Version: 0.2.0
Check: C++ specification
Result: NOTE Specified C++11: please drop specification unless essential Flavors: r-devel-linux-x86_64-debian-clang, r-devel-linux-x86_64-debian-gcc, r-devel-linux-x86_64-fedora-clang, r-devel-linux-x86_64-fedora-gcc, r-devel-windows-x86_64, r-patched-linux-x86_64, r-release-linux-x86_64, r-release-macos-arm64, r-release-macos-x86_64, r-release-windows-x86_64, r-oldrel-macos-arm64, r-oldrel-macos-x86_64, r-oldrel-windows-x86_64