Last updated on 2025-01-19 05:49:05 CET.
Flavor | Version | Tinstall | Tcheck | Ttotal | Status | Flags |
---|---|---|---|---|---|---|
r-devel-linux-x86_64-debian-clang | 0.1.1 | 3.04 | 35.26 | 38.30 | NOTE | |
r-devel-linux-x86_64-debian-gcc | 0.1.1 | 2.44 | 26.81 | 29.25 | NOTE | |
r-devel-linux-x86_64-fedora-clang | 0.1.1 | 65.75 | NOTE | |||
r-devel-linux-x86_64-fedora-gcc | 0.1.1 | 77.73 | NOTE | |||
r-devel-windows-x86_64 | 0.1.1 | 5.00 | 57.00 | 62.00 | NOTE | |
r-patched-linux-x86_64 | 0.1.1 | 3.87 | 34.08 | 37.95 | NOTE | |
r-release-linux-x86_64 | 0.1.1 | 2.91 | 33.69 | 36.60 | NOTE | |
r-release-macos-arm64 | 0.1.1 | 28.00 | NOTE | |||
r-release-macos-x86_64 | 0.1.1 | 43.00 | NOTE | |||
r-release-windows-x86_64 | 0.1.1 | 6.00 | 57.00 | 63.00 | NOTE | |
r-oldrel-macos-arm64 | 0.1.1 | 29.00 | OK | |||
r-oldrel-macos-x86_64 | 0.1.1 | 89.00 | OK | |||
r-oldrel-windows-x86_64 | 0.1.1 | 4.00 | 102.00 | 106.00 | OK |
Version: 0.1.1
Check: Rd files
Result: NOTE
checkRd: (-1) bubbleHMLegends.Rd:42: Lost braces; missing escapes or markup?
42 | function. If {sizeBreaks} vector is supplied then this will be ignored and
| ^
checkRd: (-1) bubbleHeatmap.Rd:96: Lost braces; missing escapes or markup?
96 | function. If {sizeBreaks} vector is supplied then this will be ignored and
| ^
checkRd: (-1) multiPlotInput.Rd:117: Lost braces; missing escapes or markup?
117 | \code{unitBase}. This will be supplied to pretty function. If {sizeBreaks} is
| ^
Flavors: r-devel-linux-x86_64-debian-clang, r-devel-linux-x86_64-debian-gcc, r-devel-linux-x86_64-fedora-clang, r-devel-linux-x86_64-fedora-gcc, r-devel-windows-x86_64, r-patched-linux-x86_64, r-release-linux-x86_64, r-release-macos-arm64, r-release-macos-x86_64, r-release-windows-x86_64