Last updated on 2025-01-19 05:49:05 CET.
Flavor | Version | Tinstall | Tcheck | Ttotal | Status | Flags |
---|---|---|---|---|---|---|
r-devel-linux-x86_64-debian-clang | 0.1.2 | 2.68 | 158.33 | 161.01 | OK | |
r-devel-linux-x86_64-debian-gcc | 0.1.2 | 2.61 | 111.84 | 114.45 | OK | |
r-devel-linux-x86_64-fedora-clang | 0.1.2 | 251.47 | OK | |||
r-devel-linux-x86_64-fedora-gcc | 0.1.2 | 250.93 | OK | |||
r-devel-windows-x86_64 | 0.1.2 | 4.00 | 218.00 | 222.00 | OK | |
r-patched-linux-x86_64 | 0.1.2 | 3.69 | 146.97 | 150.66 | NOTE | |
r-release-linux-x86_64 | 0.1.2 | 2.95 | 146.11 | 149.06 | NOTE | |
r-release-macos-arm64 | 0.1.2 | 250.00 | OK | |||
r-release-macos-x86_64 | 0.1.2 | 299.00 | OK | |||
r-release-windows-x86_64 | 0.1.2 | 6.00 | 213.00 | 219.00 | OK | |
r-oldrel-macos-arm64 | 0.1.2 | 244.00 | OK | |||
r-oldrel-macos-x86_64 | 0.1.2 | 293.00 | OK | |||
r-oldrel-windows-x86_64 | 0.1.2 | 5.00 | 225.00 | 230.00 | OK |
Version: 0.1.2
Check: package dependencies
Result: NOTE
Package suggested but not available for checking: ‘h2o’
Flavors: r-patched-linux-x86_64, r-release-linux-x86_64