CRAN Package Check Results for Package bupaR

Last updated on 2025-01-19 05:49:05 CET.

Flavor Version Tinstall Tcheck Ttotal Status Flags
r-devel-linux-x86_64-debian-clang 0.5.4 11.05 94.11 105.16 NOTE
r-devel-linux-x86_64-debian-gcc 0.5.4 8.05 64.68 72.73 NOTE
r-devel-linux-x86_64-fedora-clang 0.5.4 163.81 OK
r-devel-linux-x86_64-fedora-gcc 0.5.4 171.87 OK
r-devel-windows-x86_64 0.5.4 15.00 109.00 124.00 NOTE
r-patched-linux-x86_64 0.5.4 16.64 85.45 102.09 OK
r-release-linux-x86_64 0.5.4 10.51 84.67 95.18 OK
r-release-macos-arm64 0.5.4 45.00 OK
r-release-macos-x86_64 0.5.4 69.00 OK
r-release-windows-x86_64 0.5.4 13.00 106.00 119.00 OK
r-oldrel-macos-arm64 0.5.4 45.00 OK
r-oldrel-macos-x86_64 0.5.4 113.00 OK
r-oldrel-windows-x86_64 0.5.4 17.00 129.00 146.00 OK

Check Details

Version: 0.5.4
Check: Rd cross-references
Result: NOTE Found the following Rd file(s) with Rd \link{} targets missing package anchors: lifecycles.Rd: tibble Please provide package anchors for all Rd \link{} targets not in the package itself and the base packages. Flavors: r-devel-linux-x86_64-debian-clang, r-devel-linux-x86_64-debian-gcc, r-devel-windows-x86_64