CRAN Package Check Results for Package butcher

Last updated on 2025-01-19 05:49:05 CET.

Flavor Version Tinstall Tcheck Ttotal Status Flags
r-devel-linux-x86_64-debian-clang 0.3.4 3.09 110.50 113.59 OK
r-devel-linux-x86_64-debian-gcc 0.3.4 2.39 76.69 79.08 OK
r-devel-linux-x86_64-fedora-clang 0.3.4 186.09 OK
r-devel-linux-x86_64-fedora-gcc 0.3.4 196.08 OK
r-devel-windows-x86_64 0.3.4 7.00 138.00 145.00 OK
r-patched-linux-x86_64 0.3.4 6.09 104.42 110.51 NOTE
r-release-linux-x86_64 0.3.4 2.99 105.49 108.48 NOTE
r-release-macos-arm64 0.3.4 66.00 OK
r-release-macos-x86_64 0.3.4 94.00 OK
r-release-windows-x86_64 0.3.4 6.00 137.00 143.00 OK
r-oldrel-macos-arm64 0.3.4 64.00 OK
r-oldrel-macos-x86_64 0.3.4 137.00 OK
r-oldrel-windows-x86_64 0.3.4 6.00 163.00 169.00 OK

Check Details

Version: 0.3.4
Check: package dependencies
Result: NOTE Package suggested but not available for checking: ‘dimRed’ Flavors: r-patched-linux-x86_64, r-release-linux-x86_64