Last updated on 2025-01-19 05:49:05 CET.
Flavor | Version | Tinstall | Tcheck | Ttotal | Status | Flags |
---|---|---|---|---|---|---|
r-devel-linux-x86_64-debian-clang | 0.2.4 | 349.66 | 209.37 | 559.03 | OK | |
r-devel-linux-x86_64-debian-gcc | 0.2.4 | 245.74 | 149.79 | 395.53 | OK | |
r-devel-linux-x86_64-fedora-clang | 0.2.4 | 917.13 | OK | |||
r-devel-linux-x86_64-fedora-gcc | 0.2.4 | 1075.77 | OK | |||
r-devel-windows-x86_64 | 0.2.4 | 326.00 | 236.00 | 562.00 | OK | |
r-patched-linux-x86_64 | 0.2.4 | 343.08 | 198.15 | 541.23 | OK | |
r-release-linux-x86_64 | 0.2.4 | 340.92 | 198.28 | 539.20 | OK | |
r-release-macos-arm64 | 0.2.4 | 229.00 | NOTE | |||
r-release-macos-x86_64 | 0.2.4 | 267.00 | NOTE | |||
r-release-windows-x86_64 | 0.2.4 | 328.00 | 235.00 | 563.00 | OK | |
r-oldrel-macos-arm64 | 0.2.4 | 235.00 | NOTE | |||
r-oldrel-macos-x86_64 | 0.2.4 | 358.00 | NOTE | |||
r-oldrel-windows-x86_64 | 0.2.4 | 357.00 | 288.00 | 645.00 | OK |
Version: 0.2.4
Check: installed package size
Result: NOTE
installed size is 22.4Mb
sub-directories of 1Mb or more:
libs 20.9Mb
Flavors: r-release-macos-arm64, r-release-macos-x86_64, r-oldrel-macos-arm64, r-oldrel-macos-x86_64