Last updated on 2024-05-09 19:49:39 CEST.
Flavor | Version | Tinstall | Tcheck | Ttotal | Status | Flags |
---|---|---|---|---|---|---|
r-devel-linux-x86_64-debian-clang | 1.2.0 | 4.41 | 213.91 | 218.32 | NOTE | |
r-devel-linux-x86_64-debian-gcc | 1.2.0 | 3.06 | 152.54 | 155.60 | NOTE | |
r-devel-linux-x86_64-fedora-clang | 1.2.0 | 252.23 | NOTE | |||
r-devel-linux-x86_64-fedora-gcc | 1.2.0 | 280.55 | NOTE | |||
r-devel-windows-x86_64 | 1.2.0 | 5.00 | 151.00 | 156.00 | NOTE | |
r-patched-linux-x86_64 | 1.2.0 | 2.54 | 195.48 | 198.02 | NOTE | |
r-release-linux-x86_64 | 1.2.0 | 3.23 | 199.95 | 203.18 | NOTE | |
r-release-macos-arm64 | 1.2.0 | 80.00 | NOTE | |||
r-release-windows-x86_64 | 1.2.0 | 5.00 | 146.00 | 151.00 | NOTE | |
r-oldrel-macos-arm64 | 1.2.0 | 84.00 | NOTE | |||
r-oldrel-macos-x86_64 | 1.2.0 | 141.00 | NOTE | |||
r-oldrel-windows-x86_64 | 1.2.0 | 6.00 | 190.00 | 196.00 | NOTE |
Version: 1.2.0
Check: package subdirectories
Result: NOTE
Problems with news in ‘NEWS.md’:
No news entries found.
Flavors: r-devel-linux-x86_64-debian-clang, r-devel-linux-x86_64-debian-gcc, r-devel-linux-x86_64-fedora-clang, r-devel-linux-x86_64-fedora-gcc, r-devel-windows-x86_64, r-patched-linux-x86_64, r-release-linux-x86_64, r-release-macos-arm64, r-release-windows-x86_64, r-oldrel-macos-arm64, r-oldrel-macos-x86_64, r-oldrel-windows-x86_64