Last updated on 2025-01-19 05:49:05 CET.
Flavor | Version | Tinstall | Tcheck | Ttotal | Status | Flags |
---|---|---|---|---|---|---|
r-devel-linux-x86_64-debian-clang | 0.3.1 | 5.08 | 40.46 | 45.54 | OK | |
r-devel-linux-x86_64-debian-gcc | 0.3.1 | 4.13 | 30.18 | 34.31 | OK | |
r-devel-linux-x86_64-fedora-clang | 0.3.1 | 73.23 | OK | |||
r-devel-linux-x86_64-fedora-gcc | 0.3.1 | 68.99 | OK | |||
r-devel-windows-x86_64 | 0.3.1 | 7.00 | 55.00 | 62.00 | OK | |
r-patched-linux-x86_64 | 0.3.1 | 4.62 | 37.76 | 42.38 | NOTE | |
r-release-linux-x86_64 | 0.3.1 | 4.78 | 37.27 | 42.05 | NOTE | |
r-release-macos-arm64 | 0.3.1 | 23.00 | NOTE | |||
r-release-macos-x86_64 | 0.3.1 | 36.00 | NOTE | |||
r-release-windows-x86_64 | 0.3.1 | 6.00 | 55.00 | 61.00 | NOTE | |
r-oldrel-macos-arm64 | 0.3.1 | 23.00 | NOTE | |||
r-oldrel-macos-x86_64 | 0.3.1 | 36.00 | NOTE | |||
r-oldrel-windows-x86_64 | 0.3.1 | 8.00 | 62.00 | 70.00 | NOTE |
Version: 0.3.1
Check: LazyData
Result: NOTE
'LazyData' is specified without a 'data' directory
Flavors: r-patched-linux-x86_64, r-release-linux-x86_64, r-release-macos-arm64, r-release-macos-x86_64, r-release-windows-x86_64, r-oldrel-macos-arm64, r-oldrel-macos-x86_64, r-oldrel-windows-x86_64