Last updated on 2025-01-19 05:49:05 CET.
Flavor | Version | Tinstall | Tcheck | Ttotal | Status | Flags |
---|---|---|---|---|---|---|
r-devel-linux-x86_64-debian-clang | 1.3.2 | 50.17 | 306.43 | 356.60 | NOTE | |
r-devel-linux-x86_64-debian-gcc | 1.3.2 | 36.15 | 261.23 | 297.38 | NOTE | |
r-devel-linux-x86_64-fedora-clang | 1.3.2 | 613.65 | NOTE | |||
r-devel-linux-x86_64-fedora-gcc | 1.3.2 | 614.91 | NOTE | |||
r-devel-windows-x86_64 | 1.3.2 | 56.00 | 386.00 | 442.00 | NOTE | |
r-patched-linux-x86_64 | 1.3.2 | 49.86 | 281.99 | 331.85 | NOTE | |
r-release-linux-x86_64 | 1.3.2 | 49.16 | 280.81 | 329.97 | NOTE | |
r-release-macos-arm64 | 1.3.2 | 243.00 | NOTE | |||
r-release-macos-x86_64 | 1.3.2 | 320.00 | NOTE | |||
r-release-windows-x86_64 | 1.3.2 | 53.00 | 378.00 | 431.00 | NOTE | |
r-oldrel-macos-arm64 | 1.3.2 | 239.00 | NOTE | |||
r-oldrel-macos-x86_64 | 1.3.2 | 367.00 | NOTE | |||
r-oldrel-windows-x86_64 | 1.3.2 | 61.00 | 413.00 | 474.00 | NOTE |
Version: 1.3.2
Check: C++ specification
Result: NOTE
Specified C++11: please drop specification unless essential
Flavors: r-devel-linux-x86_64-debian-clang, r-devel-linux-x86_64-debian-gcc, r-devel-linux-x86_64-fedora-clang, r-devel-linux-x86_64-fedora-gcc, r-devel-windows-x86_64, r-patched-linux-x86_64, r-release-linux-x86_64, r-release-macos-arm64, r-release-macos-x86_64, r-release-windows-x86_64, r-oldrel-macos-arm64, r-oldrel-macos-x86_64, r-oldrel-windows-x86_64
Version: 1.3.2
Check: installed package size
Result: NOTE
installed size is 5.2Mb
sub-directories of 1Mb or more:
libs 4.9Mb
Flavor: r-oldrel-macos-arm64