CRAN Package Check Results for Package cOde

Last updated on 2025-01-19 05:49:05 CET.

Flavor Version Tinstall Tcheck Ttotal Status Flags
r-devel-linux-x86_64-debian-clang 1.1.1 2.85 26.47 29.32 OK
r-devel-linux-x86_64-debian-gcc 1.1.1 2.33 20.50 22.83 OK
r-devel-linux-x86_64-fedora-clang 1.1.1 50.28 OK
r-devel-linux-x86_64-fedora-gcc 1.1.1 48.82 OK
r-devel-windows-x86_64 1.1.1 4.00 54.00 58.00 OK
r-patched-linux-x86_64 1.1.1 3.36 24.86 28.22 NOTE
r-release-linux-x86_64 1.1.1 3.07 25.09 28.16 NOTE
r-release-macos-arm64 1.1.1 18.00 NOTE
r-release-macos-x86_64 1.1.1 27.00 NOTE
r-release-windows-x86_64 1.1.1 5.00 53.00 58.00 OK
r-oldrel-macos-arm64 1.1.1 18.00 OK
r-oldrel-macos-x86_64 1.1.1 26.00 OK
r-oldrel-windows-x86_64 1.1.1 4.00 56.00 60.00 OK

Check Details

Version: 1.1.1
Check: package dependencies
Result: NOTE Package suggested but not available for checking: ‘bvpSolve’ Flavors: r-patched-linux-x86_64, r-release-linux-x86_64, r-release-macos-arm64, r-release-macos-x86_64