CRAN Package Check Results for Package cPCG

Last updated on 2025-01-19 05:49:06 CET.

Flavor Version Tinstall Tcheck Ttotal Status Flags
r-devel-linux-x86_64-debian-clang 1.0 20.71 25.22 45.93 NOTE
r-devel-linux-x86_64-debian-gcc 1.0 13.65 20.78 34.43 NOTE
r-devel-linux-x86_64-fedora-clang 1.0 84.79 NOTE
r-devel-linux-x86_64-fedora-gcc 1.0 97.85 NOTE
r-devel-windows-x86_64 1.0 25.00 67.00 92.00 NOTE
r-patched-linux-x86_64 1.0 20.19 24.47 44.66 NOTE
r-release-linux-x86_64 1.0 20.19 24.53 44.72 NOTE
r-release-macos-arm64 1.0 32.00 NOTE
r-release-macos-x86_64 1.0 43.00 NOTE
r-release-windows-x86_64 1.0 24.00 65.00 89.00 NOTE
r-oldrel-macos-arm64 1.0 30.00 NOTE
r-oldrel-macos-x86_64 1.0 54.00 NOTE
r-oldrel-windows-x86_64 1.0 26.00 71.00 97.00 NOTE

Check Details

Version: 1.0
Check: C++ specification
Result: NOTE Specified C++11: please drop specification unless essential Flavors: r-devel-linux-x86_64-debian-clang, r-devel-linux-x86_64-debian-gcc, r-devel-linux-x86_64-fedora-clang, r-devel-linux-x86_64-fedora-gcc, r-devel-windows-x86_64, r-patched-linux-x86_64, r-release-linux-x86_64, r-release-macos-arm64, r-release-macos-x86_64, r-release-windows-x86_64, r-oldrel-macos-arm64, r-oldrel-macos-x86_64, r-oldrel-windows-x86_64