Last updated on 2025-01-19 05:49:06 CET.
Flavor | Version | Tinstall | Tcheck | Ttotal | Status | Flags |
---|---|---|---|---|---|---|
r-devel-linux-x86_64-debian-clang | 0.5.0 | 18.54 | 151.51 | 170.05 | NOTE | |
r-devel-linux-x86_64-debian-gcc | 0.5.0 | 11.07 | 98.76 | 109.83 | NOTE | |
r-devel-linux-x86_64-fedora-clang | 0.5.0 | 275.34 | NOTE | |||
r-devel-linux-x86_64-fedora-gcc | 0.5.0 | 273.27 | NOTE | |||
r-devel-windows-x86_64 | 0.5.0 | 20.00 | 165.00 | 185.00 | NOTE | |
r-patched-linux-x86_64 | 0.5.0 | 21.94 | 140.03 | 161.97 | NOTE | |
r-release-linux-x86_64 | 0.5.0 | 17.61 | 139.00 | 156.61 | NOTE | |
r-release-macos-arm64 | 0.5.0 | 72.00 | NOTE | |||
r-release-macos-x86_64 | 0.5.0 | 111.00 | NOTE | |||
r-release-windows-x86_64 | 0.5.0 | 21.00 | 162.00 | 183.00 | NOTE | |
r-oldrel-macos-arm64 | 0.5.0 | 78.00 | OK | |||
r-oldrel-macos-x86_64 | 0.5.0 | 132.00 | OK | |||
r-oldrel-windows-x86_64 | 0.5.0 | 20.00 | 195.00 | 215.00 | OK |
Version: 0.5.0
Check: Rd files
Result: NOTE
checkRd: (-1) calculateEffects.Rd:24: Lost braces; missing escapes or markup?
24 | equals (I-B)^{-1}Gamma. The indirect effect equals the difference between
| ^
Flavors: r-devel-linux-x86_64-debian-clang, r-devel-linux-x86_64-debian-gcc, r-devel-linux-x86_64-fedora-clang, r-devel-linux-x86_64-fedora-gcc, r-devel-windows-x86_64, r-patched-linux-x86_64, r-release-linux-x86_64, r-release-macos-arm64, r-release-macos-x86_64, r-release-windows-x86_64
Version: 0.5.0
Check: dependencies in R code
Result: NOTE
Namespace in Imports field not imported from: ‘Rdpack’
All declared Imports should be used.
Flavors: r-devel-linux-x86_64-fedora-clang, r-devel-linux-x86_64-fedora-gcc