CRAN Package Check Results for Package caesar

Last updated on 2025-01-19 05:49:05 CET.

Flavor Version Tinstall Tcheck Ttotal Status Flags
r-devel-linux-x86_64-debian-clang 1.1.0 1.68 22.78 24.46 OK
r-devel-linux-x86_64-debian-gcc 1.1.0 1.32 18.79 20.11 OK
r-devel-linux-x86_64-fedora-clang 1.1.0 40.52 OK
r-devel-linux-x86_64-fedora-gcc 1.1.0 53.42 OK
r-devel-windows-x86_64 1.1.0 3.00 46.00 49.00 OK
r-patched-linux-x86_64 1.1.0 1.23 21.75 22.98 NOTE
r-release-linux-x86_64 1.1.0 1.63 22.00 23.63 NOTE
r-release-macos-arm64 1.1.0 24.00 NOTE
r-release-macos-x86_64 1.1.0 51.00 NOTE
r-release-windows-x86_64 1.1.0 3.00 44.00 47.00 NOTE
r-oldrel-macos-arm64 1.1.0 24.00 NOTE
r-oldrel-macos-x86_64 1.1.0 33.00 NOTE
r-oldrel-windows-x86_64 1.1.0 4.00 45.00 49.00 NOTE

Check Details

Version: 1.1.0
Check: LazyData
Result: NOTE 'LazyData' is specified without a 'data' directory Flavors: r-patched-linux-x86_64, r-release-linux-x86_64, r-release-macos-arm64, r-release-macos-x86_64, r-release-windows-x86_64, r-oldrel-macos-arm64, r-oldrel-macos-x86_64, r-oldrel-windows-x86_64