CRAN Package Check Results for Package caffsim

Last updated on 2025-01-19 05:49:05 CET.

Flavor Version Tinstall Tcheck Ttotal Status Flags
r-devel-linux-x86_64-debian-clang 0.2.2 9.76 84.33 94.09 OK
r-devel-linux-x86_64-debian-gcc 0.2.2 6.71 59.23 65.94 OK
r-devel-linux-x86_64-fedora-clang 0.2.2 145.76 NOTE
r-devel-linux-x86_64-fedora-gcc 0.2.2 139.00 NOTE
r-devel-windows-x86_64 0.2.2 12.00 90.00 102.00 OK
r-patched-linux-x86_64 0.2.2 9.47 75.62 85.09 OK
r-release-linux-x86_64 0.2.2 8.94 74.89 83.83 OK
r-release-macos-arm64 0.2.2 43.00 OK
r-release-macos-x86_64 0.2.2 136.00 OK
r-release-windows-x86_64 0.2.2 13.00 99.00 112.00 OK
r-oldrel-macos-arm64 0.2.2 45.00 OK
r-oldrel-macos-x86_64 0.2.2 64.00 OK
r-oldrel-windows-x86_64 0.2.2 13.00 158.00 171.00 OK

Check Details

Version: 0.2.2
Check: dependencies in R code
Result: NOTE Namespace in Imports field not imported from: ‘markdown’ All declared Imports should be used. Flavors: r-devel-linux-x86_64-fedora-clang, r-devel-linux-x86_64-fedora-gcc