Last updated on 2025-01-19 05:49:05 CET.
Flavor | Version | Tinstall | Tcheck | Ttotal | Status | Flags |
---|---|---|---|---|---|---|
r-devel-linux-x86_64-debian-clang | 0.2.1 | 20.28 | 51.63 | 71.91 | NOTE | |
r-devel-linux-x86_64-debian-gcc | 0.2.1 | 14.14 | 37.92 | 52.06 | NOTE | |
r-devel-linux-x86_64-fedora-clang | 0.2.1 | 131.08 | NOTE | |||
r-devel-linux-x86_64-fedora-gcc | 0.2.1 | 124.03 | NOTE | |||
r-devel-windows-x86_64 | 0.2.1 | 25.00 | 86.00 | 111.00 | NOTE | |
r-patched-linux-x86_64 | 0.2.1 | 20.99 | 48.07 | 69.06 | NOTE | |
r-release-linux-x86_64 | 0.2.1 | 20.80 | 47.48 | 68.28 | NOTE | |
r-release-macos-arm64 | 0.2.1 | 38.00 | NOTE | |||
r-release-macos-x86_64 | 0.2.1 | 49.00 | NOTE | |||
r-release-windows-x86_64 | 0.2.1 | 26.00 | 87.00 | 113.00 | NOTE | |
r-oldrel-macos-arm64 | 0.2.1 | 41.00 | OK | |||
r-oldrel-macos-x86_64 | 0.2.1 | 62.00 | OK | |||
r-oldrel-windows-x86_64 | 0.2.1 | 29.00 | 100.00 | 129.00 | OK |
Version: 0.2.1
Check: Rd files
Result: NOTE
checkRd: (-1) calibration_bands.Rd:19: Lost braces; missing escapes or markup?
19 | \item{y}{response variable (in {0,1}).}
| ^
Flavors: r-devel-linux-x86_64-debian-clang, r-devel-linux-x86_64-debian-gcc, r-devel-linux-x86_64-fedora-clang, r-devel-linux-x86_64-fedora-gcc, r-devel-windows-x86_64, r-patched-linux-x86_64, r-release-linux-x86_64, r-release-macos-arm64, r-release-macos-x86_64, r-release-windows-x86_64