CRAN Package Check Results for Package calidad

Last updated on 2025-01-19 05:49:05 CET.

Flavor Version Tinstall Tcheck Ttotal Status Flags
r-devel-linux-x86_64-debian-clang 0.6.0 13.41 425.36 438.77 OK
r-devel-linux-x86_64-debian-gcc 0.6.0 8.67 257.90 266.57 OK
r-devel-linux-x86_64-fedora-clang 0.6.0 698.92 NOTE
r-devel-linux-x86_64-fedora-gcc 0.6.0 763.13 NOTE
r-devel-windows-x86_64 0.6.0 15.00 408.00 423.00 OK
r-patched-linux-x86_64 0.6.0 12.02 419.22 431.24 OK
r-release-linux-x86_64 0.6.0 12.07 426.14 438.21 OK
r-release-macos-arm64 0.6.0 175.00 OK
r-release-macos-x86_64 0.6.0 290.00 OK
r-release-windows-x86_64 0.6.0 13.00 408.00 421.00 OK
r-oldrel-macos-arm64 0.6.0 176.00 OK
r-oldrel-macos-x86_64 0.6.0 297.00 OK
r-oldrel-windows-x86_64 0.6.0 17.00 540.00 557.00 OK

Check Details

Version: 0.6.0
Check: dependencies in R code
Result: NOTE Namespace in Imports field not imported from: ‘tidyr’ All declared Imports should be used. Flavors: r-devel-linux-x86_64-fedora-clang, r-devel-linux-x86_64-fedora-gcc