CRAN Package Check Results for Package calpassapi

Last updated on 2025-01-19 05:49:05 CET.

Flavor Version Tinstall Tcheck Ttotal Status Flags
r-devel-linux-x86_64-debian-clang 0.0.3 4.25 36.85 41.10 OK
r-devel-linux-x86_64-debian-gcc 0.0.3 3.08 27.41 30.49 OK
r-devel-linux-x86_64-fedora-clang 0.0.3 67.03 OK
r-devel-linux-x86_64-fedora-gcc 0.0.3 76.12 OK
r-devel-windows-x86_64 0.0.3 6.00 56.00 62.00 OK
r-patched-linux-x86_64 0.0.3 4.28 34.89 39.17 NOTE
r-release-linux-x86_64 0.0.3 3.32 34.18 37.50 NOTE
r-release-macos-arm64 0.0.3 29.00 NOTE
r-release-macos-x86_64 0.0.3 49.00 NOTE
r-release-windows-x86_64 0.0.3 7.00 64.00 71.00 NOTE
r-oldrel-macos-arm64 0.0.3 30.00 NOTE
r-oldrel-macos-x86_64 0.0.3 42.00 NOTE
r-oldrel-windows-x86_64 0.0.3 6.00 66.00 72.00 NOTE

Check Details

Version: 0.0.3
Check: LazyData
Result: NOTE 'LazyData' is specified without a 'data' directory Flavors: r-patched-linux-x86_64, r-release-linux-x86_64, r-release-macos-arm64, r-release-macos-x86_64, r-release-windows-x86_64, r-oldrel-macos-arm64, r-oldrel-macos-x86_64, r-oldrel-windows-x86_64