Last updated on 2024-05-01 16:52:49 CEST.
Flavor | Version | Tinstall | Tcheck | Ttotal | Status | Flags |
---|---|---|---|---|---|---|
r-devel-linux-x86_64-debian-clang | 0.1.0 | 5.56 | 94.27 | 99.83 | NOTE | |
r-devel-linux-x86_64-debian-gcc | 0.1.0 | 5.10 | 70.11 | 75.21 | NOTE | |
r-devel-linux-x86_64-fedora-clang | 0.1.0 | 129.28 | NOTE | |||
r-devel-linux-x86_64-fedora-gcc | 0.1.0 | 140.53 | NOTE | |||
r-devel-windows-x86_64 | 0.1.0 | 8.00 | 90.00 | 98.00 | NOTE | |
r-patched-linux-x86_64 | 0.1.0 | 5.46 | 90.33 | 95.79 | NOTE | |
r-release-linux-x86_64 | 0.1.0 | 6.76 | 90.86 | 97.62 | NOTE | |
r-release-macos-arm64 | 0.1.0 | 48.00 | NOTE | |||
r-release-windows-x86_64 | 0.1.0 | 7.00 | 91.00 | 98.00 | NOTE | |
r-oldrel-macos-arm64 | 0.1.0 | 49.00 | OK | |||
r-oldrel-macos-x86_64 | 0.1.0 | 71.00 | OK | |||
r-oldrel-windows-x86_64 | 0.1.0 | 9.00 | 108.00 | 117.00 | OK |
Version: 0.1.0
Check: Rd files
Result: NOTE
checkRd: (-1) Recording.Rd:112: Lost braces; missing escapes or markup?
112 | Stop recording images with {camcorder}.
| ^
Flavors: r-devel-linux-x86_64-debian-clang, r-devel-linux-x86_64-debian-gcc, r-devel-linux-x86_64-fedora-clang, r-devel-linux-x86_64-fedora-gcc, r-devel-windows-x86_64, r-patched-linux-x86_64, r-release-linux-x86_64, r-release-macos-arm64, r-release-windows-x86_64