Last updated on 2024-05-01 16:52:49 CEST.
Flavor | Version | Tinstall | Tcheck | Ttotal | Status | Flags |
---|---|---|---|---|---|---|
r-devel-linux-x86_64-debian-clang | 0.1 | 9.41 | 78.58 | 87.99 | OK | |
r-devel-linux-x86_64-debian-gcc | 0.1 | 8.28 | 58.69 | 66.97 | OK | |
r-devel-linux-x86_64-fedora-clang | 0.1 | 108.77 | NOTE | |||
r-devel-linux-x86_64-fedora-gcc | 0.1 | 99.43 | NOTE | |||
r-devel-windows-x86_64 | 0.1 | 9.00 | 69.00 | 78.00 | OK | |
r-patched-linux-x86_64 | 0.1 | 8.76 | 73.26 | 82.02 | OK | |
r-release-linux-x86_64 | 0.1 | 8.15 | 72.75 | 80.90 | OK | |
r-release-macos-arm64 | 0.1 | 38.00 | OK | |||
r-release-windows-x86_64 | 0.1 | 11.00 | 70.00 | 81.00 | OK | |
r-oldrel-macos-arm64 | 0.1 | 32.00 | OK | |||
r-oldrel-macos-x86_64 | 0.1 | 50.00 | OK | |||
r-oldrel-windows-x86_64 | 0.1 | 12.00 | 83.00 | 95.00 | OK |
Version: 0.1
Check: data for non-ASCII characters
Result: NOTE
Note: found 287 marked UTF-8 strings
Flavors: r-devel-linux-x86_64-fedora-clang, r-devel-linux-x86_64-fedora-gcc