Last updated on 2024-05-01 16:52:49 CEST.
Flavor | Version | Tinstall | Tcheck | Ttotal | Status | Flags |
---|---|---|---|---|---|---|
r-devel-linux-x86_64-debian-clang | 2.0.0 | 14.31 | 36.12 | 50.43 | OK | |
r-devel-linux-x86_64-debian-gcc | 2.0.0 | 11.46 | 28.78 | 40.24 | OK | |
r-devel-linux-x86_64-fedora-clang | 2.0.0 | 61.08 | NOTE | |||
r-devel-linux-x86_64-fedora-gcc | 2.0.0 | 59.74 | NOTE | |||
r-devel-windows-x86_64 | 2.0.0 | 15.00 | 56.00 | 71.00 | OK | |
r-patched-linux-x86_64 | 2.0.0 | 12.34 | 34.96 | 47.30 | OK | |
r-release-linux-x86_64 | 2.0.0 | 14.06 | 35.72 | 49.78 | OK | |
r-release-macos-arm64 | 2.0.0 | 29.00 | OK | |||
r-release-macos-x86_64 | 2.0.0 | 55.00 | OK | |||
r-release-windows-x86_64 | 2.0.0 | 15.00 | 56.00 | 71.00 | OK | |
r-oldrel-macos-arm64 | 2.0.0 | 32.00 | OK | |||
r-oldrel-macos-x86_64 | 2.0.0 | 69.00 | OK | |||
r-oldrel-windows-x86_64 | 2.0.0 | 17.00 | 59.00 | 76.00 | OK |
Version: 2.0.0
Check: dependencies in R code
Result: NOTE
Namespace in Imports field not imported from: ‘sf’
All declared Imports should be used.
Flavors: r-devel-linux-x86_64-fedora-clang, r-devel-linux-x86_64-fedora-gcc
Version: 2.0.0
Check: data for non-ASCII characters
Result: NOTE
Note: found 3061 marked UTF-8 strings
Flavors: r-devel-linux-x86_64-fedora-clang, r-devel-linux-x86_64-fedora-gcc