CRAN Package Check Results for Package capm

Last updated on 2025-01-19 05:49:05 CET.

Flavor Version Tinstall Tcheck Ttotal Status Flags
r-devel-linux-x86_64-debian-clang 0.14.0 14.52 117.30 131.82 NOTE
r-devel-linux-x86_64-debian-gcc 0.14.0 9.87 83.90 93.77 NOTE
r-devel-linux-x86_64-fedora-clang 0.14.0 203.90 OK
r-devel-linux-x86_64-fedora-gcc 0.14.0 188.77 OK
r-devel-windows-x86_64 0.14.0 16.00 119.00 135.00 NOTE
r-patched-linux-x86_64 0.14.0 17.49 107.25 124.74 OK
r-release-linux-x86_64 0.14.0 12.78 107.57 120.35 OK
r-release-macos-arm64 0.14.0 58.00 OK
r-release-macos-x86_64 0.14.0 84.00 OK
r-release-windows-x86_64 0.14.0 18.00 127.00 145.00 OK
r-oldrel-macos-arm64 0.14.0 54.00 OK
r-oldrel-macos-x86_64 0.14.0 100.00 OK
r-oldrel-windows-x86_64 0.14.0 17.00 148.00 165.00 OK

Check Details

Version: 0.14.0
Check: Rd cross-references
Result: NOTE Found the following Rd file(s) with Rd \link{} targets missing package anchors: CalculateGlobalSens.Rd: sensRange CalculateLocalSens.Rd: sensFun, sensRange DesignSurvey.Rd: svydesign PlotLocalSens.Rd: element_text SetRanges.Rd: sensRange Please provide package anchors for all Rd \link{} targets not in the package itself and the base packages. Flavors: r-devel-linux-x86_64-debian-clang, r-devel-linux-x86_64-debian-gcc, r-devel-windows-x86_64