Last updated on 2025-01-19 05:49:05 CET.
Flavor | Version | Tinstall | Tcheck | Ttotal | Status | Flags |
---|---|---|---|---|---|---|
r-devel-linux-x86_64-debian-clang | 2.2.1 | 77.93 | 67.74 | 145.67 | OK | |
r-devel-linux-x86_64-debian-gcc | 2.2.1 | 48.63 | 47.05 | 95.68 | OK | |
r-devel-linux-x86_64-fedora-clang | 2.2.1 | 222.76 | OK | |||
r-devel-linux-x86_64-fedora-gcc | 2.2.1 | 245.52 | OK | |||
r-devel-windows-x86_64 | 2.2.1 | 64.00 | 104.00 | 168.00 | OK | |
r-patched-linux-x86_64 | 2.2.1 | 70.53 | 62.58 | 133.11 | OK | |
r-release-linux-x86_64 | 2.2.1 | 70.97 | 61.41 | 132.38 | OK | |
r-release-macos-arm64 | 2.2.1 | 58.00 | NOTE | |||
r-release-macos-x86_64 | 2.2.1 | 88.00 | NOTE | |||
r-release-windows-x86_64 | 2.2.1 | 63.00 | 100.00 | 163.00 | OK | |
r-oldrel-macos-arm64 | 2.2.1 | 80.00 | NOTE | |||
r-oldrel-macos-x86_64 | 2.2.1 | 130.00 | NOTE | |||
r-oldrel-windows-x86_64 | 2.2.1 | 73.00 | 125.00 | 198.00 | OK |
Version: 2.2.1
Check: installed package size
Result: NOTE
installed size is 10.6Mb
sub-directories of 1Mb or more:
libs 10.2Mb
Flavors: r-release-macos-arm64, r-release-macos-x86_64, r-oldrel-macos-arm64, r-oldrel-macos-x86_64