CRAN Package Check Results for Package carpenter

Last updated on 2020-07-13 12:48:42 CEST.

Flavor Version Tinstall Tcheck Ttotal Status Flags
r-devel-linux-x86_64-debian-clang 0.2.2 2.83 38.32 41.15 OK
r-devel-linux-x86_64-debian-gcc 0.2.2 2.38 29.53 31.91 OK
r-devel-linux-x86_64-fedora-clang 0.2.2 57.54 OK
r-devel-linux-x86_64-fedora-gcc 0.2.2 49.87 OK
r-devel-windows-ix86+x86_64 0.2.2 8.00 53.00 61.00 OK
r-patched-linux-x86_64 0.2.2 2.60 36.96 39.56 OK
r-patched-solaris-x86 0.2.2 72.70 OK
r-release-linux-x86_64 0.2.2 3.03 37.05 40.08 OK
r-release-macos-x86_64 0.2.2 ERROR
r-release-windows-ix86+x86_64 0.2.2 14.00 72.00 86.00 OK
r-oldrel-macos-x86_64 0.2.2 OK
r-oldrel-windows-ix86+x86_64 0.2.2 9.00 48.00 57.00 OK

Check Details

Version: 0.2.2
Check: whether package can be installed
Result: ERROR
    Installation failed.
Flavor: r-release-macos-x86_64