CRAN Package Check Results for Package cartography

Last updated on 2020-10-30 11:50:42 CET.

Flavor Version Tinstall Tcheck Ttotal Status Flags
r-devel-linux-x86_64-debian-clang 2.4.2 27.91 210.16 238.07 OK
r-devel-linux-x86_64-debian-gcc 2.4.2 21.26 153.25 174.51 OK
r-devel-linux-x86_64-fedora-clang 2.4.2 295.83 OK
r-devel-linux-x86_64-fedora-gcc 2.4.2 287.94 OK
r-patched-linux-x86_64 2.4.2 26.61 198.50 225.11 OK
r-patched-solaris-x86 2.4.2 347.00 OK
r-release-linux-x86_64 2.4.2 26.30 195.87 222.17 OK
r-release-macos-x86_64 2.4.2 OK
r-release-windows-ix86+x86_64 2.4.2 45.00 488.00 533.00 NOTE
r-oldrel-macos-x86_64 2.4.2 WARN
r-oldrel-windows-ix86+x86_64 2.4.2 53.00 469.00 522.00 OK

Check Details

Version: 2.4.2
Check: installed package size
Result: NOTE
     installed size is 5.0Mb
     sub-directories of 1Mb or more:
     data 1.2Mb
     libs 2.0Mb
Flavor: r-release-windows-ix86+x86_64

Version: 2.4.2
Check: re-building of vignette outputs
Result: WARN
    Error(s) in re-building vignettes:
    --- re-building ‘cartography.Rmd’ using rmarkdown
    Warning in engine$weave(file, quiet = quiet, encoding = enc) :
     Pandoc (>= 1.12.3) and/or pandoc-citeproc not available. Falling back to R Markdown v1.
    Linking to GEOS 3.7.2, GDAL 2.4.2, PROJ 5.2.0
    Quitting from lines 524-552 (cartography.Rmd)
    Error: processing vignette 'cartography.Rmd' failed with diagnostics:
    invalid crs: PROJCRS["ETRS89-extended / LAEA Europe",
     BASEGEOGCRS["ETRS89",
     DATUM["European Terrestrial Reference System 1989",
     ELLIPSOID["GRS 1980",6378137,298.257222101,
     LENGTHUNIT["metre",1]]],
     PRIMEM["Greenwich",0,
     ANGLEUNIT["degree",0.0174532925199433]],
     ID["EPSG",4258]],
     CONVERSION["Europe Equal Area 2001",
     METHOD["Lambert Azimuthal Equal Area",
     ID["EPSG",9820]],
     PARAMETER["Latitude of natural origin",52,
     ANGLEUNIT["degree",0.0174532925199433],
     ID["EPSG",8801]],
     PARAMETER["Longitude of natural origin",10,
     ANGLEUNIT["degree",0.0174532925199433],
     ID["EPSG",8802]],
     PARAMETER["False easting",4321000,
     LENGTHUNIT["metre",1],
     ID["EPSG",8806]],
     PARAMETER["False northing",3210000,
     LENGTHUNIT["metre",1],
     ID["EPSG",8807]],
     ID["EPSG",19986]],
     CS[Cartesian,2],
     AXIS["(E)",east,
     ORDER[1],
     LENGTHUNIT["metre",1,
     ID["EPSG",9001]]],
     AXIS["(N)",north,
     ORDER[2],
     LENGTHUNIT["metre",1,
     ID["EPSG",9001]]],
     USAGE[
     SCOPE["unknown"],
     AREA["Europe - LCC & LAEA"],
     BBOX[24.6,-35.58,84.17,44.83]]]
    --- failed re-building ‘cartography.Rmd’
    
    --- re-building ‘cheatsheet.Rmd’ using rmarkdown
    Warning in engine$weave(file, quiet = quiet, encoding = enc) :
     Pandoc (>= 1.12.3) and/or pandoc-citeproc not available. Falling back to R Markdown v1.
    --- finished re-building ‘cheatsheet.Rmd’
    
    SUMMARY: processing the following file failed:
     ‘cartography.Rmd’
    
    Error: Vignette re-building failed.
    Execution halted
Flavor: r-oldrel-macos-x86_64