Last updated on 2024-04-17 13:57:23 CEST.
Flavor | Version | Tinstall | Tcheck | Ttotal | Status | Flags |
---|---|---|---|---|---|---|
r-devel-linux-x86_64-debian-clang | 1.8.0 | 153.36 | 222.93 | 376.29 | OK | |
r-devel-linux-x86_64-debian-gcc | 1.8.0 | 138.31 | 158.67 | 296.98 | OK | |
r-devel-linux-x86_64-fedora-clang | 1.8.0 | 495.85 | OK | |||
r-devel-linux-x86_64-fedora-gcc | 1.8.0 | 503.45 | OK | |||
r-prerel-macos-arm64 | 1.8.0 | 113.00 | NOTE | |||
r-prerel-windows-x86_64 | 1.8.0 | 114.00 | 203.00 | 317.00 | OK | |
r-patched-linux-x86_64 | 1.8.0 | 162.50 | 208.67 | 371.17 | OK | |
r-release-linux-x86_64 | 1.8.0 | 155.65 | 222.14 | 377.79 | OK | |
r-release-macos-arm64 | 1.8.0 | 116.00 | NOTE | |||
r-release-macos-x86_64 | 1.8.0 | 270.00 | NOTE | |||
r-release-windows-x86_64 | 1.8.0 | 144.00 | 271.00 | 415.00 | OK | |
r-oldrel-macos-arm64 | 1.8.0 | 112.00 | NOTE | |||
r-oldrel-windows-x86_64 | 1.8.0 | 134.00 | 257.00 | 391.00 | OK |
Version: 1.8.0
Check: installed package size
Result: NOTE
installed size is 21.3Mb
sub-directories of 1Mb or more:
R 1.0Mb
libs 19.3Mb
Flavors: r-prerel-macos-arm64, r-release-macos-arm64, r-release-macos-x86_64, r-oldrel-macos-arm64