CRAN Package Check Results for Package catSurv

Last updated on 2018-09-22 12:50:36 CEST.

Flavor Version Tinstall Tcheck Ttotal Status Flags
r-devel-linux-x86_64-debian-clang 1.0.3 170.29 117.68 287.97 NOTE
r-devel-linux-x86_64-debian-gcc 1.0.3 137.28 91.89 229.17 NOTE
r-devel-linux-x86_64-fedora-clang 1.0.3 418.74 NOTE
r-devel-linux-x86_64-fedora-gcc 1.0.3 370.69 NOTE
r-devel-windows-ix86+x86_64 1.0.3 486.00 190.00 676.00 NOTE
r-patched-linux-x86_64 1.0.3 177.84 102.44 280.28 NOTE
r-patched-solaris-x86 1.0.3 384.70 NOTE
r-release-linux-x86_64 1.0.3 173.68 103.29 276.97 NOTE
r-release-windows-ix86+x86_64 1.0.3 348.00 215.00 563.00 NOTE
r-release-osx-x86_64 1.0.3 NOTE
r-oldrel-windows-ix86+x86_64 1.0.3 351.00 220.00 571.00 NOTE
r-oldrel-osx-x86_64 1.0.3 NOTE

Additional issues

clang-UBSAN gcc-UBSAN

Check Details

Version: 1.0.3
Check: for GNU extensions in Makefiles
Result: NOTE
    GNU make is a SystemRequirements.
Flavors: r-devel-linux-x86_64-debian-clang, r-devel-linux-x86_64-debian-gcc, r-devel-linux-x86_64-fedora-clang, r-devel-linux-x86_64-fedora-gcc, r-devel-windows-ix86+x86_64, r-patched-linux-x86_64, r-patched-solaris-x86, r-release-linux-x86_64, r-release-windows-ix86+x86_64, r-release-osx-x86_64, r-oldrel-windows-ix86+x86_64, r-oldrel-osx-x86_64

Version: 1.0.3
Check: installed package size
Result: NOTE
     installed size is 6.5Mb
     sub-directories of 1Mb or more:
     libs 5.9Mb
Flavors: r-devel-linux-x86_64-fedora-clang, r-release-osx-x86_64, r-oldrel-osx-x86_64