CRAN Package Check Results for Package catSurv

Last updated on 2018-01-16 12:46:49 CET.

Flavor Version Tinstall Tcheck Ttotal Status Flags
r-devel-linux-x86_64-debian-clang 1.0.3 158.41 108.15 266.56 NOTE
r-devel-linux-x86_64-debian-gcc 1.0.3 123.21 82.22 205.43 NOTE
r-devel-linux-x86_64-fedora-clang 1.0.3 368.18 NOTE
r-devel-linux-x86_64-fedora-gcc 1.0.3 365.26 NOTE
r-devel-windows-ix86+x86_64 1.0.3 494.00 156.00 650.00 NOTE
r-patched-linux-x86_64 1.0.3 152.90 113.92 266.82 NOTE
r-patched-solaris-x86 1.0.3 431.60 NOTE
r-release-linux-x86_64 1.0.3 159.24 113.23 272.47 NOTE
r-release-windows-ix86+x86_64 1.0.3 459.00 217.00 676.00 NOTE
r-release-osx-x86_64 1.0.3 NOTE
r-oldrel-osx-x86_64 1.0.3 ERROR

Additional issues

clang-UBSAN gcc-UBSAN

Check Details

Version: 1.0.3
Check: for GNU extensions in Makefiles
Result: NOTE
    GNU make is a SystemRequirements.
Flavors: r-devel-linux-x86_64-debian-clang, r-devel-linux-x86_64-debian-gcc, r-devel-linux-x86_64-fedora-clang, r-devel-linux-x86_64-fedora-gcc, r-devel-windows-ix86+x86_64, r-patched-linux-x86_64, r-patched-solaris-x86, r-release-linux-x86_64, r-release-windows-ix86+x86_64, r-release-osx-x86_64

Version: 1.0.3
Check: installed package size
Result: NOTE
     installed size is 6.1Mb
     sub-directories of 1Mb or more:
     libs 5.6Mb
Flavors: r-devel-linux-x86_64-fedora-clang, r-devel-linux-x86_64-fedora-gcc, r-release-osx-x86_64

Version: 1.0.3
Check: whether package can be installed
Result: ERROR
    Installation failed.
Flavor: r-oldrel-osx-x86_64