CRAN Package Check Results for Package catSurv

Last updated on 2018-12-11 12:48:06 CET.

Flavor Version Tinstall Tcheck Ttotal Status Flags
r-devel-linux-x86_64-debian-clang 1.0.3 161.97 107.84 269.81 NOTE
r-devel-linux-x86_64-debian-gcc 1.0.3 137.65 83.43 221.08 WARN
r-devel-linux-x86_64-fedora-clang 1.0.3 410.23 NOTE
r-devel-linux-x86_64-fedora-gcc 1.0.3 356.36 WARN
r-devel-windows-ix86+x86_64 1.0.3 483.00 170.00 653.00 NOTE
r-patched-linux-x86_64 1.0.3 176.28 103.42 279.70 NOTE
r-patched-solaris-x86 1.0.3 436.80 NOTE
r-release-linux-x86_64 1.0.3 172.03 103.69 275.72 NOTE
r-release-windows-ix86+x86_64 1.0.3 487.00 163.00 650.00 NOTE
r-release-osx-x86_64 1.0.3 NOTE
r-oldrel-windows-ix86+x86_64 1.0.3 345.00 237.00 582.00 NOTE
r-oldrel-osx-x86_64 1.0.3 NOTE

Additional issues

clang-UBSAN gcc-UBSAN

Check Details

Version: 1.0.3
Check: for GNU extensions in Makefiles
Result: NOTE
    GNU make is a SystemRequirements.
Flavors: r-devel-linux-x86_64-debian-clang, r-devel-linux-x86_64-debian-gcc, r-devel-linux-x86_64-fedora-clang, r-devel-linux-x86_64-fedora-gcc, r-devel-windows-ix86+x86_64, r-patched-linux-x86_64, r-patched-solaris-x86, r-release-linux-x86_64, r-release-windows-ix86+x86_64, r-release-osx-x86_64, r-oldrel-windows-ix86+x86_64, r-oldrel-osx-x86_64

Version: 1.0.3
Check: whether package can be installed
Result: WARN
    Found the following significant warnings:
     MLEEstimator.cpp:81:17: warning: catching polymorphic type ‘class std::domain_error’ by value [-Wcatch-value=]
     MLEEstimator.cpp:127:17: warning: catching polymorphic type ‘class std::domain_error’ by value [-Wcatch-value=]
Flavors: r-devel-linux-x86_64-debian-gcc, r-devel-linux-x86_64-fedora-gcc

Version: 1.0.3
Check: installed package size
Result: NOTE
     installed size is 6.5Mb
     sub-directories of 1Mb or more:
     libs 5.9Mb
Flavors: r-devel-linux-x86_64-fedora-clang, r-release-osx-x86_64, r-oldrel-osx-x86_64