CRAN Package Check Results for Package catfun

Last updated on 2019-11-21 12:48:25 CET.

Flavor Version Tinstall Tcheck Ttotal Status Flags
r-devel-linux-x86_64-debian-clang 0.1.4 11.07 80.45 91.52 OK
r-devel-linux-x86_64-debian-gcc 0.1.4 8.88 65.76 74.64 OK
r-devel-linux-x86_64-fedora-clang 0.1.4 105.51 NOTE
r-devel-linux-x86_64-fedora-gcc 0.1.4 110.55 NOTE
r-devel-windows-ix86+x86_64 0.1.4 44.00 122.00 166.00 OK
r-devel-windows-ix86+x86_64-gcc8 0.1.4 26.00 98.00 124.00 OK
r-patched-linux-x86_64 0.1.4 8.63 75.35 83.98 OK
r-patched-solaris-x86 0.1.4 160.40 NOTE
r-release-linux-x86_64 0.1.4 9.73 74.64 84.37 OK
r-release-windows-ix86+x86_64 0.1.4 35.00 131.00 166.00 OK
r-release-osx-x86_64 0.1.4 NOTE
r-oldrel-windows-ix86+x86_64 0.1.4 11.00 122.00 133.00 OK
r-oldrel-osx-x86_64 0.1.4 NOTE

Check Details

Version: 0.1.4
Check: dependencies in R code
Result: NOTE
    Namespaces in Imports field not imported from:
     ‘broom’ ‘epitools’
     All declared Imports should be used.
Flavors: r-devel-linux-x86_64-fedora-clang, r-devel-linux-x86_64-fedora-gcc, r-patched-solaris-x86, r-release-osx-x86_64, r-oldrel-osx-x86_64