Last updated on 2025-01-19 05:49:05 CET.
Flavor | Version | Tinstall | Tcheck | Ttotal | Status | Flags |
---|---|---|---|---|---|---|
r-devel-linux-x86_64-debian-clang | 0.1.4 | 7.05 | 54.54 | 61.59 | OK | |
r-devel-linux-x86_64-debian-gcc | 0.1.4 | 4.13 | 41.39 | 45.52 | OK | |
r-devel-linux-x86_64-fedora-clang | 0.1.4 | 99.54 | NOTE | |||
r-devel-linux-x86_64-fedora-gcc | 0.1.4 | 94.69 | NOTE | |||
r-devel-windows-x86_64 | 0.1.4 | 8.00 | 72.00 | 80.00 | OK | |
r-patched-linux-x86_64 | 0.1.4 | 6.57 | 50.89 | 57.46 | NOTE | |
r-release-linux-x86_64 | 0.1.4 | 5.21 | 50.11 | 55.32 | NOTE | |
r-release-macos-arm64 | 0.1.4 | 32.00 | NOTE | |||
r-release-macos-x86_64 | 0.1.4 | 45.00 | NOTE | |||
r-release-windows-x86_64 | 0.1.4 | 7.00 | 72.00 | 79.00 | NOTE | |
r-oldrel-macos-arm64 | 0.1.4 | 32.00 | NOTE | |||
r-oldrel-macos-x86_64 | 0.1.4 | 46.00 | NOTE | |||
r-oldrel-windows-x86_64 | 0.1.4 | 10.00 | 87.00 | 97.00 | NOTE |
Version: 0.1.4
Check: dependencies in R code
Result: NOTE
Namespaces in Imports field not imported from:
‘broom’ ‘epitools’
All declared Imports should be used.
Flavors: r-devel-linux-x86_64-fedora-clang, r-devel-linux-x86_64-fedora-gcc
Version: 0.1.4
Check: LazyData
Result: NOTE
'LazyData' is specified without a 'data' directory
Flavors: r-patched-linux-x86_64, r-release-linux-x86_64, r-release-macos-arm64, r-release-macos-x86_64, r-release-windows-x86_64, r-oldrel-macos-arm64, r-oldrel-macos-x86_64, r-oldrel-windows-x86_64