CRAN Package Check Results for Package catfun

Last updated on 2020-08-03 12:49:52 CEST.

Flavor Version Tinstall Tcheck Ttotal Status Flags
r-devel-linux-x86_64-debian-clang 0.1.4 11.88 87.72 99.60 OK
r-devel-linux-x86_64-debian-gcc 0.1.4 8.66 64.96 73.62 OK
r-devel-linux-x86_64-fedora-clang 0.1.4 124.69 NOTE
r-devel-linux-x86_64-fedora-gcc 0.1.4 113.06 NOTE
r-devel-windows-ix86+x86_64 0.1.4 33.00 98.00 131.00 OK
r-patched-linux-x86_64 0.1.4 11.64 84.12 95.76 OK
r-patched-solaris-x86 0.1.4 180.30 NOTE
r-release-linux-x86_64 0.1.4 8.17 83.12 91.29 OK
r-release-macos-x86_64 0.1.4 NOTE
r-release-windows-ix86+x86_64 0.1.4 40.00 133.00 173.00 OK
r-oldrel-macos-x86_64 0.1.4 NOTE
r-oldrel-windows-ix86+x86_64 0.1.4 17.00 89.00 106.00 OK

Check Details

Version: 0.1.4
Check: dependencies in R code
Result: NOTE
    Namespaces in Imports field not imported from:
     ‘broom’ ‘epitools’
     All declared Imports should be used.
Flavors: r-devel-linux-x86_64-fedora-clang, r-devel-linux-x86_64-fedora-gcc, r-patched-solaris-x86, r-release-macos-x86_64, r-oldrel-macos-x86_64