CRAN Package Check Results for Package causalDisco

Last updated on 2025-01-19 05:49:05 CET.

Flavor Version Tinstall Tcheck Ttotal Status Flags
r-devel-linux-x86_64-debian-clang 0.9.1 7.67 64.86 72.53 NOTE
r-devel-linux-x86_64-debian-gcc 0.9.1 6.35 47.52 53.87 NOTE
r-devel-linux-x86_64-fedora-clang 0.9.1 119.24 NOTE
r-devel-linux-x86_64-fedora-gcc 0.9.1 119.10 NOTE
r-devel-windows-x86_64 0.9.1 10.00 80.00 90.00 NOTE
r-patched-linux-x86_64 0.9.1 9.18 61.62 70.80 NOTE
r-release-linux-x86_64 0.9.1 6.39 60.89 67.28 NOTE
r-release-macos-arm64 0.9.1 34.00 NOTE
r-release-macos-x86_64 0.9.1 88.00 NOTE
r-release-windows-x86_64 0.9.1 9.00 91.00 100.00 NOTE
r-oldrel-macos-arm64 0.9.1 37.00 NOTE
r-oldrel-macos-x86_64 0.9.1 55.00 NOTE
r-oldrel-windows-x86_64 0.9.1 11.00 99.00 110.00 NOTE

Check Details

Version: 0.9.1
Check: Rd files
Result: NOTE checkRd: (-1) tpcExample.Rd:30: Escaped LaTeX specials: \& Flavors: r-devel-linux-x86_64-debian-clang, r-devel-linux-x86_64-debian-gcc, r-devel-linux-x86_64-fedora-clang, r-devel-linux-x86_64-fedora-gcc, r-devel-windows-x86_64, r-patched-linux-x86_64, r-release-linux-x86_64, r-release-macos-arm64, r-release-macos-x86_64, r-release-windows-x86_64, r-oldrel-macos-arm64, r-oldrel-macos-x86_64, r-oldrel-windows-x86_64