CRAN Package Check Results for Package causalweight

Last updated on 2021-01-22 12:51:24 CET.

Flavor Version Tinstall Tcheck Ttotal Status Flags
r-devel-linux-x86_64-debian-clang 1.0.0 15.38 122.91 138.29 OK
r-devel-linux-x86_64-debian-gcc 1.0.0 12.80 92.69 105.49 OK
r-devel-linux-x86_64-fedora-clang 1.0.0 176.05 NOTE
r-devel-linux-x86_64-fedora-gcc 1.0.0 167.77 NOTE
r-devel-windows-ix86+x86_64 1.0.0 34.00 147.00 181.00 OK
r-patched-linux-x86_64 1.0.0 15.20 113.84 129.04 OK
r-patched-solaris-x86 1.0.0 219.40 NOTE
r-release-linux-x86_64 1.0.0 16.04 112.91 128.95 OK
r-release-macos-x86_64 1.0.0 NOTE
r-release-windows-ix86+x86_64 1.0.0 38.00 147.00 185.00 OK
r-oldrel-macos-x86_64 1.0.0 NOTE
r-oldrel-windows-ix86+x86_64 1.0.0 19.00 102.00 121.00 OK

Check Details

Version: 1.0.0
Check: data for non-ASCII characters
Result: NOTE
     Note: found 1 marked UTF-8 string
Flavors: r-devel-linux-x86_64-fedora-clang, r-devel-linux-x86_64-fedora-gcc, r-patched-solaris-x86, r-release-macos-x86_64, r-oldrel-macos-x86_64