Last updated on 2024-05-01 16:52:49 CEST.
Flavor | Version | Tinstall | Tcheck | Ttotal | Status | Flags |
---|---|---|---|---|---|---|
r-devel-linux-x86_64-debian-clang | 0.2.0.3 | 2014.03 | 233.92 | 2247.95 | NOTE | |
r-devel-linux-x86_64-debian-gcc | 0.2.0.3 | 1875.96 | 292.17 | 2168.13 | NOTE | |
r-devel-linux-x86_64-fedora-clang | 0.2.0.3 | 2802.65 | NOTE | |||
r-devel-linux-x86_64-fedora-gcc | 0.2.0.3 | 4192.34 | NOTE | |||
r-devel-windows-x86_64 | 0.2.0.3 | 1507.00 | 300.00 | 1807.00 | NOTE | |
r-patched-linux-x86_64 | 0.2.0.3 | 1622.23 | 381.96 | 2004.19 | NOTE | |
r-release-linux-x86_64 | 0.2.0.3 | 0.02 | 2.95 | 2.97 | ERROR | |
r-release-macos-arm64 | 0.2.0.3 | 638.00 | NOTE | |||
r-release-windows-x86_64 | 0.2.0.3 | 1587.00 | 292.00 | 1879.00 | NOTE | |
r-oldrel-macos-arm64 | 0.2.0.3 | 676.00 | NOTE | |||
r-oldrel-macos-x86_64 | 0.2.0.3 | 1113.00 | NOTE | |||
r-oldrel-windows-x86_64 | 0.2.0.3 | 1991.00 | 380.00 | 2371.00 | NOTE |
Version: 0.2.0.3
Check: for GNU extensions in Makefiles
Result: NOTE
GNU make is a SystemRequirements.
Flavors: r-devel-linux-x86_64-debian-clang, r-devel-linux-x86_64-debian-gcc, r-devel-linux-x86_64-fedora-clang, r-devel-linux-x86_64-fedora-gcc, r-devel-windows-x86_64, r-patched-linux-x86_64, r-release-macos-arm64, r-release-windows-x86_64, r-oldrel-macos-arm64, r-oldrel-macos-x86_64, r-oldrel-windows-x86_64
Version: 0.2.0.3
Check: installed package size
Result: NOTE
installed size is 16.3Mb
sub-directories of 1Mb or more:
libs 15.7Mb
Flavors: r-devel-linux-x86_64-fedora-clang, r-devel-windows-x86_64, r-release-macos-arm64, r-release-windows-x86_64, r-oldrel-macos-arm64, r-oldrel-macos-x86_64, r-oldrel-windows-x86_64
Version: 0.2.0.3
Check: whether package can be installed
Result: ERROR
Installation failed.
Flavor: r-release-linux-x86_64