Last updated on 2025-01-19 05:49:05 CET.
Flavor | Version | Tinstall | Tcheck | Ttotal | Status | Flags |
---|---|---|---|---|---|---|
r-devel-linux-x86_64-debian-clang | 0.3.4 | 59.01 | 57.60 | 116.61 | OK | |
r-devel-linux-x86_64-debian-gcc | 0.3.4 | 34.56 | 45.11 | 79.67 | OK | |
r-devel-linux-x86_64-fedora-clang | 0.3.4 | 204.02 | OK | |||
r-devel-linux-x86_64-fedora-gcc | 0.3.4 | 220.06 | OK | |||
r-devel-windows-x86_64 | 0.3.4 | 59.00 | 118.00 | 177.00 | OK | |
r-patched-linux-x86_64 | 0.3.4 | 52.00 | 56.95 | 108.95 | OK | |
r-release-linux-x86_64 | 0.3.4 | 51.73 | 57.12 | 108.85 | OK | |
r-release-macos-arm64 | 0.3.4 | 62.00 | NOTE | |||
r-release-macos-x86_64 | 0.3.4 | 139.00 | NOTE | |||
r-release-windows-x86_64 | 0.3.4 | 53.00 | 117.00 | 170.00 | OK | |
r-oldrel-macos-arm64 | 0.3.4 | 70.00 | OK | |||
r-oldrel-macos-x86_64 | 0.3.4 | 120.00 | OK | |||
r-oldrel-windows-x86_64 | 0.3.4 | 60.00 | 127.00 | 187.00 | OK |
Version: 0.3.4
Check: installed package size
Result: NOTE
installed size is 5.2Mb
sub-directories of 1Mb or more:
libs 4.9Mb
Flavors: r-release-macos-arm64, r-release-macos-x86_64