CRAN Package Check Results for Package ccid

Last updated on 2025-01-19 05:49:05 CET.

Flavor Version Tinstall Tcheck Ttotal Status Flags
r-devel-linux-x86_64-debian-clang 1.2.0 2.99 112.18 115.17 OK
r-devel-linux-x86_64-debian-gcc 1.2.0 2.09 74.38 76.47 OK
r-devel-linux-x86_64-fedora-clang 1.2.0 209.66 NOTE
r-devel-linux-x86_64-fedora-gcc 1.2.0 203.34 NOTE
r-devel-windows-x86_64 1.2.0 5.00 141.00 146.00 OK
r-patched-linux-x86_64 1.2.0 2.94 106.42 109.36 OK
r-release-linux-x86_64 1.2.0 2.96 107.83 110.79 OK
r-release-macos-arm64 1.2.0 51.00 OK
r-release-macos-x86_64 1.2.0 121.00 OK
r-release-windows-x86_64 1.2.0 5.00 142.00 147.00 OK
r-oldrel-macos-arm64 1.2.0 57.00 OK
r-oldrel-macos-x86_64 1.2.0 89.00 OK
r-oldrel-windows-x86_64 1.2.0 4.00 159.00 163.00 OK

Check Details

Version: 1.2.0
Check: dependencies in R code
Result: NOTE Namespace in Imports field not imported from: ‘GeneNet’ All declared Imports should be used. Flavors: r-devel-linux-x86_64-fedora-clang, r-devel-linux-x86_64-fedora-gcc