CRAN Package Check Results for Package cctools

Last updated on 2025-01-19 05:49:05 CET.

Flavor Version Tinstall Tcheck Ttotal Status Flags
r-devel-linux-x86_64-debian-clang 0.1.2 20.16 26.21 46.37 OK
r-devel-linux-x86_64-debian-gcc 0.1.2 12.58 20.24 32.82 OK
r-devel-linux-x86_64-fedora-clang 0.1.2 84.83 OK
r-devel-linux-x86_64-fedora-gcc 0.1.2 83.66 OK
r-devel-windows-x86_64 0.1.2 22.00 62.00 84.00 OK
r-patched-linux-x86_64 0.1.2 18.44 24.86 43.30 NOTE
r-release-linux-x86_64 0.1.2 16.00 25.36 41.36 NOTE
r-release-macos-arm64 0.1.2 109.00 NOTE
r-release-macos-x86_64 0.1.2 41.00 NOTE
r-release-windows-x86_64 0.1.2 21.00 66.00 87.00 NOTE
r-oldrel-macos-arm64 0.1.2 50.00 NOTE
r-oldrel-macos-x86_64 0.1.2 80.00 NOTE
r-oldrel-windows-x86_64 0.1.2 24.00 73.00 97.00 NOTE

Check Details

Version: 0.1.2
Check: LazyData
Result: NOTE 'LazyData' is specified without a 'data' directory Flavors: r-patched-linux-x86_64, r-release-linux-x86_64, r-release-macos-arm64, r-release-macos-x86_64, r-release-windows-x86_64, r-oldrel-macos-arm64, r-oldrel-macos-x86_64, r-oldrel-windows-x86_64