CRAN Package Check Results for Package cde

Last updated on 2020-07-13 12:48:43 CEST.

Flavor Version Tinstall Tcheck Ttotal Status Flags
r-devel-linux-x86_64-debian-clang 0.4.1 2.86 46.43 49.29 OK
r-devel-linux-x86_64-debian-gcc 0.4.1 2.57 32.14 34.71 OK
r-devel-linux-x86_64-fedora-clang 0.4.1 64.26 OK
r-devel-linux-x86_64-fedora-gcc 0.4.1 54.97 OK
r-devel-windows-ix86+x86_64 0.4.1 9.00 80.00 89.00 OK
r-patched-linux-x86_64 0.4.1 3.01 40.20 43.21 OK
r-patched-solaris-x86 0.4.1 81.50 OK
r-release-linux-x86_64 0.4.1 3.07 40.57 43.64 OK
r-release-macos-x86_64 0.4.1 ERROR
r-release-windows-ix86+x86_64 0.4.1 11.00 80.00 91.00 OK
r-oldrel-macos-x86_64 0.4.1 OK
r-oldrel-windows-ix86+x86_64 0.4.1 9.00 55.00 64.00 OK

Check Details

Version: 0.4.1
Check: whether package can be installed
Result: ERROR
    Installation failed.
Flavor: r-release-macos-x86_64