Last updated on 2025-02-08 20:48:19 CET.
Flavor | Version | Tinstall | Tcheck | Ttotal | Status | Flags |
---|---|---|---|---|---|---|
r-devel-linux-x86_64-debian-clang | 1.0.0 | 4.51 | 41.38 | 45.89 | OK | |
r-devel-linux-x86_64-debian-gcc | 1.0.0 | 3.05 | 30.49 | 33.54 | OK | |
r-devel-linux-x86_64-fedora-clang | 1.0.0 | 75.98 | NOTE | |||
r-devel-linux-x86_64-fedora-gcc | 1.0.0 | 83.05 | NOTE | |||
r-devel-windows-x86_64 | 1.0.0 | 8.00 | 73.00 | 81.00 | OK | |
r-patched-linux-x86_64 | 1.0.0 | 4.24 | 39.03 | 43.27 | OK | |
r-release-linux-x86_64 | 1.0.0 | 4.24 | 39.06 | 43.30 | OK | |
r-release-macos-arm64 | 1.0.0 | 31.00 | OK | |||
r-release-macos-x86_64 | 1.0.0 | 48.00 | OK | |||
r-release-windows-x86_64 | 1.0.0 | 6.00 | 73.00 | 79.00 | OK | |
r-oldrel-macos-arm64 | 1.0.0 | 34.00 | OK | |||
r-oldrel-macos-x86_64 | 1.0.0 | 45.00 | OK | |||
r-oldrel-windows-x86_64 | 1.0.0 | 6.00 | 76.00 | 82.00 | OK |
Version: 1.0.0
Check: dependencies in R code
Result: NOTE
Namespaces in Imports field not imported from:
‘base’ ‘stats’ ‘tidyr’
All declared Imports should be used.
Flavors: r-devel-linux-x86_64-fedora-clang, r-devel-linux-x86_64-fedora-gcc