Last updated on 2025-01-19 05:49:05 CET.
Flavor | Version | Tinstall | Tcheck | Ttotal | Status | Flags |
---|---|---|---|---|---|---|
r-devel-linux-x86_64-debian-clang | 1.3.0 | 11.13 | 133.29 | 144.42 | OK | |
r-devel-linux-x86_64-debian-gcc | 1.3.0 | 8.01 | 91.27 | 99.28 | OK | |
r-devel-linux-x86_64-fedora-clang | 1.3.0 | 222.79 | OK | |||
r-devel-linux-x86_64-fedora-gcc | 1.3.0 | 222.49 | OK | |||
r-devel-windows-x86_64 | 1.3.0 | 12.00 | 122.00 | 134.00 | OK | |
r-patched-linux-x86_64 | 1.3.0 | 9.73 | 116.29 | 126.02 | OK | |
r-release-linux-x86_64 | 1.3.0 | 10.74 | 116.90 | 127.64 | OK | |
r-release-macos-arm64 | 1.3.0 | 68.00 | ERROR | |||
r-release-macos-x86_64 | 1.3.0 | 123.00 | OK | |||
r-release-windows-x86_64 | 1.3.0 | 12.00 | 120.00 | 132.00 | OK | |
r-oldrel-macos-arm64 | 1.3.0 | 72.00 | ERROR | |||
r-oldrel-macos-x86_64 | 1.3.0 | 120.00 | OK | |||
r-oldrel-windows-x86_64 | 1.3.0 | 15.00 | 149.00 | 164.00 | ERROR |
Version: 1.3.0
Check: re-building of vignette outputs
Result: ERROR
Error(s) in re-building vignettes:
--- re-building ‘atp_calculation.Rmd’ using rmarkdown
File mito_glyco_tests.png not found in resource path
Error: processing vignette 'atp_calculation.Rmd' failed with diagnostics:
pandoc document conversion failed with error 99
--- failed re-building ‘atp_calculation.Rmd’
--- re-building ‘ceas.Rmd’ using rmarkdown
--- finished re-building ‘ceas.Rmd’
SUMMARY: processing the following file failed:
‘atp_calculation.Rmd’
Error: Vignette re-building failed.
Execution halted
Flavors: r-release-macos-arm64, r-oldrel-macos-arm64, r-oldrel-windows-x86_64