Last updated on 2024-05-01 16:52:49 CEST.
Flavor | Version | Tinstall | Tcheck | Ttotal | Status | Flags |
---|---|---|---|---|---|---|
r-devel-linux-x86_64-debian-clang | 1.0.0 | 8.06 | 76.65 | 84.71 | OK | |
r-devel-linux-x86_64-debian-gcc | 1.0.0 | 7.26 | 58.24 | 65.50 | OK | |
r-devel-linux-x86_64-fedora-clang | 1.0.0 | 106.71 | NOTE | |||
r-devel-linux-x86_64-fedora-gcc | 1.0.0 | 118.66 | NOTE | |||
r-devel-windows-x86_64 | 1.0.0 | 7.00 | 73.00 | 80.00 | OK | |
r-patched-linux-x86_64 | 1.0.0 | 6.02 | 73.31 | 79.33 | OK | |
r-release-linux-x86_64 | 1.0.0 | 6.41 | 74.55 | 80.96 | OK | |
r-release-macos-arm64 | 1.0.0 | 37.00 | OK | |||
r-release-windows-x86_64 | 1.0.0 | 8.00 | 74.00 | 82.00 | OK | |
r-oldrel-macos-arm64 | 1.0.0 | 42.00 | OK | |||
r-oldrel-macos-x86_64 | 1.0.0 | 69.00 | OK | |||
r-oldrel-windows-x86_64 | 1.0.0 | 9.00 | 82.00 | 91.00 | OK |
Version: 1.0.0
Check: dependencies in R code
Result: NOTE
Namespace in Imports field not imported from: ‘MASS’
All declared Imports should be used.
Flavors: r-devel-linux-x86_64-fedora-clang, r-devel-linux-x86_64-fedora-gcc